ctors of b/(-27) - 2/6?
53
Suppose 0 = -7*q + 12 + 37. Suppose -q*n + 2192 = 141. What are the prime factors of n?
293
Let n(q) = 57*q**2 - 280*q - 5529. List the prime factors of n(-18).
3, 13, 461
Let b be 24/(-32) - (45/12)/(-5). Let j(d) = -d + 8*d - d**3 + 5*d + 7 + 10*d**2 + b*d. List the prime factors of j(10).
127
Let q(h) = 12*h**2 - 8*h - 11. Let r(x) = -x**2 + x + 1. Let n(v) = 2*q(v) + 18*r(v). Let t be n(2). Let b = 41 + t. What are the prime factors of b?
5, 13
Let d(q) = 10*q**2 - 44*q - 178. What are the prime factors of d(34)?
2, 4943
Let z(v) = v**3 + 7*v**2 + 7*v + 14. Suppose 13*l = 2*l + 220. Let a = 14 - l. What are the prime factors of z(a)?
2
Let o(v) = -5*v - 4. Let r be o(-20). Let i(m) = -m**2 - 14*m + 8. Let c be i(-10). Suppose p = 2*q - c, -6*p = 4*q - 2*p - r. What are the prime factors of q?
2, 3
Let l = -581 - -584. What are the prime factors of 1953 - (-7 - (l - 1 - 5))?
19, 103
Suppose 0 = -t - 6. Let s(h) = 105*h - 11 + 5*h**2 + 3*h**2 - 114*h + 3*h**2 + 0*h**3 + h**3. List the prime factors of s(t).
223
Let a = 280 - 422. Let g = -121 - a. List the prime factors of g.
3, 7
Let q be 0 + 6/16 - (-297)/(-24). List the prime factors of (-3986)/(-4) - 2*3/q.
997
Suppose -8*k - 64107 + 253707 = 0. What are the prime factors of k?
2, 3, 5, 79
Let h(z) = 2*z**2 + 56*z + 8. Let y be h(-28). Suppose 0 = y*b - 3284 - 460. What are the prime factors of b?
2, 3, 13
Suppose 15813 = -22*s + s. Let u = -562 - s. List the prime factors of u.
191
Let t(m) = 2*m + 645*m**2 + m**3 - 1 - 634*m**2 + 18. List the prime factors of t(-10).
97
Suppose -2*g - 2662 = 5*r - 31002, -5*r = -3*g + 42585. List the prime factors of g.
5, 2837
Suppose -4*l = 2*k - 960, -4*l - 251 = 5*k - 2639. Let z = -202 + k. List the prime factors of z.
2, 137
Let c be 24/(-8) + 1377/(2 + 1). Let p = 1 + c. What are the prime factors of p?
457
Let c be 608/28 - ((-52)/(-14) - 4). Suppose -c*k = -15*k - 5320. List the prime factors of k.
2, 5, 19
Suppose -113 = -2*a - 15. Let h = 50 - a. What are the prime factors of (h - 2)/(-1) - 534/(-6)?
2, 3, 5
Suppose 168 = -10*h + 17*h. Suppose h*b - 7523 = 22597. List the prime factors of b.
5, 251
Suppose -36*p - 82*p = -41*p - 487025. What are the prime factors of p?
5, 11, 23
Suppose -3*y + 14787 = 11838 - 36048. What are the prime factors of y?
3, 7, 619
Suppose 2*x + 5*i + 692 = 0, -5*i - 4 = -4*i. Let o = x + 570. Suppose -o = -3*c + 2*f, 0 = -5*c - f - 0*f + 377. What are the prime factors of c?
2, 19
What are the prime factors of ((-2)/(-6))/((-759)/(-43620489))?
19157
Let w be (-4)/18 - (-174)/54. Suppose 2*p = -0*p + w*s - 2, -3*p - 2 = -4*s. What are the prime factors of (-1)/p*(-3312)/9?
2, 23
Let j(d) = d**2 - d - 1. Suppose 6*y - 56 = -2. Let s = 5 + y. List the prime factors of j(s).
181
Suppose -4 = -2*f, c - 2*f - 245 = -6*f. Suppose 15*p - 2742 = -c. List the prime factors of p.
167
Suppose -87*z - 87*z + 163*z + 168377 = 0. What are the prime factors of z?
15307
Let z be (-6)/(-27) + 13715/45. Suppose -4*p = -z + 1. Suppose 0 = 5*y - 174 - p. List the prime factors of y.
2, 5
Suppose 4*i + u - 13 = -0*u, -5*u = -3*i + 4. Suppose 909 = i*o - 3*x + 6*x, 2*x - 1218 = -4*o. List the prime factors of o.
2, 3, 17
Let y = 19085 + -8128. What are the prime factors of y?
10957
Let a be (7 - 14675/(-15))*9/6. Suppose 0 = 3*d - 5*k - a, 2*d + 3*d - 2484 = -2*k. List the prime factors of d.
2, 31
Let n(g) = 29*g**2 - 4*g + 31. Let f be n(5). Suppose 2*l = -m + 21 + 163, -4*l - f = -4*m. Suppose m + 384 = 4*s. List the prime factors of s.
2, 71
Suppose -2*w = -5*j - 76993, 5*w - 493*j - 192325 = -498*j. List the prime factors of w.
2, 19237
Let l = 1094 + 9431. What are the prime factors of l?
5, 421
Suppose -1070*g = -1067*g - 15129. List the prime factors of g.
3, 41
Let d(k) be the first derivative of 10*k**2 + 3*k + 16. What are the prime factors of d(5)?
103
Suppose 9*p - 13*p + 6710 = 5*r, -2*p + 3*r = -3322. What are the prime factors of p?
2, 5, 167
Suppose -5*g - 10834 = -3104. Let p = 892 + g. What are the prime factors of (-30)/75 - p/10?
5, 13
Suppose -4896 = 30*n - 21*n. Let f = n + 1001. List the prime factors of f.
457
Let i(v) = 158*v**2 - 2*v - 4. Suppose 9 - 12 = y. What are the prime factors of i(y)?
2, 89
Let b = 1713 + -3137. Let d = b + 2049. What are the prime factors of d?
5
Suppose -2*n = -2*g, n + 0*g = 2*g + 1. List the prime factors of (1 + (-477)/6)/(n/6).
3, 157
Suppose -114 = -3*t - 4*h, 75 = t - 2*h + 27. List the prime factors of (146 - -2)*(-2)/((-24)/t).
2, 7, 37
Let l(d) be the second derivative of d**5/20 - d**4/12 + d**3/3 - 3*d**2/2 - 6*d. Let k be l(0). What are the prime factors of -1 + k + (76 - -10)?
2, 41
Let k(f) = 7*f**2 - 37*f + 154. List the prime factors of k(-32).
2, 4253
Suppose 79*a = 80*a - 1013. Suppose 0 = -2*t - 5*o + a - 48, 2*t + 2*o - 950 = 0. List the prime factors of t.
2, 5, 47
Let p(n) = -43*n + 98. Let g(k) = -6*k - 169. Let v be g(-27). What are the prime factors of p(v)?
3, 7, 19
Let o = 50 + -46. Suppose o*x + 1025 = 2*i - 143, 5*i - 4*x = 2914. List the prime factors of i.
2, 3, 97
Let n(h) = 302*h**2 + 9*h - 11. Let t be 0/9 + (-3)/(-3 + 0). List the prime factors of n(t).
2, 3, 5
Let h = 294 + -289. Suppose h*p - 4087 = -3*b, 3*b + 549 + 254 = p. List the prime factors of p.
5, 163
Suppose 128281 = 6*y - 0*y - 5495. List the prime factors of y.
2, 3, 929
Suppose -10*m = -389 + 19. Let p(b) = -b**3 - 6*b**2 - 4*b + 5. Let n be p(-6). Let t = m - n. List the prime factors of t.
2
Suppose -3*b = 5*y - 29, -23 = -2*b + b - 5*y. Suppose 0*k - 254 = -2*l - b*k, 3*k = -12. What are the prime factors of l?
7, 19
What are the prime factors of ((-886)/(-6) + 7)*84?
2, 7, 29
Suppose -13*m + 3*m = -420. Suppose v - 35 - m = 0. What are the prime factors of v?
7, 11
Let i = 1790 + 2667. What are the prime factors of i?
4457
Suppose -5*t + 2*t = 3*s - 570, 576 = 3*s + t. Let u = -190 + s. List the prime factors of u.
3
Suppose 6*n = -5*n + 66. Let y be n/3*6/4. Suppose -y*m = -4*m + 141. List the prime factors of m.
3, 47
Let h = -592 + -524. Let o = -795 - h. What are the prime factors of o?
3, 107
Let x(p) = 6*p + 100. Let d be x(-16). Suppose -h + 184 = 3*m, 0 = -0*h + d*h + m - 747. What are the prime factors of h?
11, 17
Suppose -61*k - 74*k = 53*k - 3748532. What are the prime factors of k?
127, 157
Let v(c) = 3*c**2 - 2*c - 8. Let x be v(-2). Suppose x*d - 13*d = 25. Let u(o) = 2*o**2 + 9*o + 11. List the prime factors of u(d).
2
Suppose -13*r + 3*r = 1170. Let t = r - -114. Let d(k) = -68*k + 6. What are the prime factors of d(t)?
2, 3, 5, 7
Suppose -p - 10564 + 56666 = k, 2*p = -4*k + 92212. List the prime factors of p.
2, 3, 13, 197
Suppose -45 + 29 = -r - 4*i, 5*r = -4*i + 32. Let k(b) = b**3 + 6*b**2 - 6*b - 8. Let c be k(-6). Suppose 5*h - c = r*h. What are the prime factors of h?
2, 7
Let b(q) = 183*q + 5542. List the prime factors of b(85).
17, 73
Suppose -2*t = -4*z, 0 = -z + 6 - 4. Let k(d) = 11*d**3 + 3*d**2 - 5*d + 18. List the prime factors of k(t).
2, 3, 5
List the prime factors of ((-46936)/6)/(24/(-36)).
2, 5867
Let r(v) = 70*v**3 + 5*v**2 + 4*v + 10. What are the prime factors of r(4)?
2, 2293
Let a = -2139 - -3477. List the prime factors of a.
2, 3, 223
Let k(x) be the second derivative of -x**4/12 + 35*x**3/3 + 38*x**2 - 170*x. What are the prime factors of k(31)?
5, 257
Let y(d) = 15*d + 30. Suppose 4*a - 8*a + 8 = 0. Suppose 53 = 4*t - a*p - 3*p, 4*t = 3*p + 43. List the prime factors of y(t).
3, 5
Let m = -120 + 52. Let s = 121 + m. Let h = s + 14. What are the prime factors of h?
67
Suppose -3*o - c = -1660 - 14533, -11*o - 4*c + 59373 = 0. List the prime factors of o.
5399
Suppose 4*v = -4*z - 76, 3*v + 60 = z - 5*z. Let u = v - -16. Suppose 12*o - 14*o + 576 = u. What are the prime factors of o?
2, 3
Let u = 32935 + -16035. List the prime factors of u.
2, 5, 13
What are the prime factors of (-4 + 1711)/(-9*(-2)/180)?
2, 3, 5, 569
Let c = -58 - -81. Suppose -y - 48 - 66 = 0. Let h = c - y. List the prime factors of h.
137
Let a(t) = t**3 + 2*t**2 - 4*t - 3. Let w be a(-3). Let p(q) = 7*q + q - 6*q + 0*q + 15 + 59 - q**2. List the prime factors of p(w).
2, 37
List the prime factors of ((-51)/7*-8)/(5/2065).
2, 3, 17, 59